{"id":27,"date":"2021-05-07T15:27:13","date_gmt":"2021-05-07T18:27:13","guid":{"rendered":"https:\/\/drjoaoalmeida.com\/?page_id=27"},"modified":"2021-06-09T18:26:42","modified_gmt":"2021-06-09T21:26:42","slug":"imprensa","status":"publish","type":"page","link":"https:\/\/margoweb.com.br\/drjoaoalmeida\/imprensa\/","title":{"rendered":"Imprensa"},"content":{"rendered":"\t\t<div data-elementor-type=\"wp-page\" data-elementor-id=\"27\" class=\"elementor elementor-27\" data-elementor-settings=\"[]\">\n\t\t\t\t\t\t\t<div class=\"elementor-section-wrap\">\n\t\t\t\t\t\t\t<section class=\"elementor-section elementor-top-section elementor-element elementor-element-4db09c4 elementor-section-full_width elementor-section-height-min-height elementor-section-height-default elementor-section-items-middle\" data-id=\"4db09c4\" data-element_type=\"section\" data-settings=\"{&quot;background_background&quot;:&quot;classic&quot;}\">\n\t\t\t\t\t\t<div class=\"elementor-container elementor-column-gap-default\">\n\t\t\t\t\t<div class=\"elementor-column elementor-col-100 elementor-top-column elementor-element elementor-element-5c02808\" data-id=\"5c02808\" data-element_type=\"column\">\n\t\t\t<div class=\"elementor-widget-wrap elementor-element-populated\">\n\t\t\t\t\t\t\t\t<div class=\"elementor-element elementor-element-e4c5622 elementor-widget elementor-widget-heading\" data-id=\"e4c5622\" data-element_type=\"widget\" data-widget_type=\"heading.default\">\n\t\t\t\t<div class=\"elementor-widget-container\">\n\t\t\t<h2 class=\"elementor-heading-title elementor-size-default\">Imprensa<\/h2>\t\t<\/div>\n\t\t\t\t<\/div>\n\t\t\t\t\t<\/div>\n\t\t<\/div>\n\t\t\t\t\t\t\t<\/div>\n\t\t<\/section>\n\t\t\t\t<section class=\"elementor-section elementor-top-section elementor-element elementor-element-a3e90a4 elementor-section-boxed elementor-section-height-default elementor-section-height-default\" data-id=\"a3e90a4\" data-element_type=\"section\">\n\t\t\t\t\t\t<div class=\"elementor-container elementor-column-gap-default\">\n\t\t\t\t\t<div class=\"elementor-column elementor-col-100 elementor-top-column elementor-element elementor-element-0885aa3\" data-id=\"0885aa3\" data-element_type=\"column\">\n\t\t\t<div class=\"elementor-widget-wrap elementor-element-populated\">\n\t\t\t\t\t\t\t\t<div class=\"elementor-element elementor-element-491a635 elementor-widget elementor-widget-spacer\" data-id=\"491a635\" data-element_type=\"widget\" data-widget_type=\"spacer.default\">\n\t\t\t\t<div class=\"elementor-widget-container\">\n\t\t\t\t\t<div class=\"elementor-spacer\">\n\t\t\t<div class=\"elementor-spacer-inner\"><\/div>\n\t\t<\/div>\n\t\t\t\t<\/div>\n\t\t\t\t<\/div>\n\t\t\t\t\t<\/div>\n\t\t<\/div>\n\t\t\t\t\t\t\t<\/div>\n\t\t<\/section>\n\t\t\t\t<section class=\"elementor-section elementor-top-section elementor-element elementor-element-5c43118 elementor-section-boxed elementor-section-height-default elementor-section-height-default\" data-id=\"5c43118\" data-element_type=\"section\">\n\t\t\t\t\t\t<div class=\"elementor-container elementor-column-gap-default\">\n\t\t\t\t\t<div class=\"elementor-column elementor-col-25 elementor-top-column elementor-element elementor-element-a982fd7\" data-id=\"a982fd7\" data-element_type=\"column\">\n\t\t\t<div class=\"elementor-widget-wrap elementor-element-populated\">\n\t\t\t\t\t\t\t\t<div class=\"elementor-element elementor-element-93917ef elementor-widget elementor-widget-image\" data-id=\"93917ef\" data-element_type=\"widget\" data-widget_type=\"image.default\">\n\t\t\t\t<div class=\"elementor-widget-container\">\n\t\t\t\t\t\t\t\t\t\t\t\t\t\t\t\t<a href=\"https:\/\/recordtv.r7.com\/roberto-justus-mais\/videos\/roberto-justus-recebe-lais-souza-e-washington-cerqueira-assista-a-integra-10092018\">\n\t\t\t\t\t\t\t<img loading=\"lazy\" decoding=\"async\" width=\"300\" height=\"198\" src=\"https:\/\/margoweb.com.br\/drjoaoalmeida\/wp-content\/uploads\/2021\/06\/unnamed.jpg\" class=\"attachment-medium size-medium\" alt=\"\" style=\"width:100%;height:66%;max-width:300px;\" \/>\t\t\t\t\t\t\t\t<\/a>\n\t\t\t\t\t\t\t\t\t\t\t\t\t\t\t<\/div>\n\t\t\t\t<\/div>\n\t\t\t\t<div class=\"elementor-element elementor-element-b12fea8 elementor-widget elementor-widget-heading\" data-id=\"b12fea8\" data-element_type=\"widget\" data-widget_type=\"heading.default\">\n\t\t\t\t<div class=\"elementor-widget-container\">\n\t\t\t<h2 class=\"elementor-heading-title elementor-size-default\"><a href=\"https:\/\/recordtv.r7.com\/roberto-justus-mais\/videos\/roberto-justus-recebe-lais-souza-e-washington-cerqueira-assista-a-integra-10092018\">Roberto Justus + recebe Lais Souza e Washington Cerqueira; assista \u00e0 \u00edntegra<\/a><\/h2>\t\t<\/div>\n\t\t\t\t<\/div>\n\t\t\t\t<div class=\"elementor-element elementor-element-6b7f2b9 elementor-widget elementor-widget-text-editor\" data-id=\"6b7f2b9\" data-element_type=\"widget\" data-widget_type=\"text-editor.default\">\n\t\t\t\t<div class=\"elementor-widget-container\">\n\t\t\t\t\t\t\t\t<p>Acidentes e problemas de sa\u00fade costumam se tornar o maior advers\u00e1rio para um atleta. Alguns s\u00e3o agraciados com a chance de recome\u00e7ar, j\u00e1 outros n\u00e3o tem a mesma sorte. O <i>Roberto Justus +<\/i>\u00a0recebeu a ex-ginasta Lais Souza e o ex-jogador Washington Cerqueira para falar sobre suas hist\u00f3rias e problemas que enfrentaram devido a acidentes e problemas de sa\u00fade. Acompanhe na \u00edntegra.<\/p>\t\t\t\t\t\t<\/div>\n\t\t\t\t<\/div>\n\t\t\t\t\t<\/div>\n\t\t<\/div>\n\t\t\t\t<div class=\"elementor-column elementor-col-25 elementor-top-column elementor-element elementor-element-d0112a4\" data-id=\"d0112a4\" data-element_type=\"column\">\n\t\t\t<div class=\"elementor-widget-wrap elementor-element-populated\">\n\t\t\t\t\t\t\t\t<div class=\"elementor-element elementor-element-8dc900f elementor-widget elementor-widget-image\" data-id=\"8dc900f\" data-element_type=\"widget\" data-widget_type=\"image.default\">\n\t\t\t\t<div class=\"elementor-widget-container\">\n\t\t\t\t\t\t\t\t\t\t\t\t\t\t\t\t<a href=\"https:\/\/recordtv.r7.com\/fala-brasil\/videos\/adeus-gorduras-treino-intenso-e-de-curta-duracao-vira-febre-no-brasil-05102018\">\n\t\t\t\t\t\t\t<img loading=\"lazy\" decoding=\"async\" width=\"275\" height=\"183\" src=\"https:\/\/margoweb.com.br\/drjoaoalmeida\/wp-content\/uploads\/2021\/06\/download.jpg\" class=\"attachment-medium size-medium\" alt=\"\" style=\"width:100%;height:66.55%;max-width:275px;\" \/>\t\t\t\t\t\t\t\t<\/a>\n\t\t\t\t\t\t\t\t\t\t\t\t\t\t\t<\/div>\n\t\t\t\t<\/div>\n\t\t\t\t<div class=\"elementor-element elementor-element-44de636 elementor-widget elementor-widget-heading\" data-id=\"44de636\" data-element_type=\"widget\" data-widget_type=\"heading.default\">\n\t\t\t\t<div class=\"elementor-widget-container\">\n\t\t\t<h2 class=\"elementor-heading-title elementor-size-default\"><a href=\"https:\/\/recordtv.r7.com\/fala-brasil\/videos\/adeus-gorduras-treino-intenso-e-de-curta-duracao-vira-febre-no-brasil-05102018\">Adeus gorduras? Treino intenso e de curta dura\u00e7\u00e3o vira febre no Brasil<\/a><\/h2>\t\t<\/div>\n\t\t\t\t<\/div>\n\t\t\t\t<div class=\"elementor-element elementor-element-be2f94e elementor-widget elementor-widget-text-editor\" data-id=\"be2f94e\" data-element_type=\"widget\" data-widget_type=\"text-editor.default\">\n\t\t\t\t<div class=\"elementor-widget-container\">\n\t\t\t\t\t\t\t\t<p>Nos Estados Unidos muitas pessoas j\u00e1 s\u00e3o adeptas do Hiit, sigla em ingl\u00eas que significa treinamento de alta intensidade, que pode ser feito em academias e at\u00e9 em casa. No Brasil, esta nova pr\u00e1tica est\u00e1 virando moda para quem quer perder peso e ganhar condicionamento f\u00edsico. O circuito dura cerca de 20 minutos com nove atividades diferentes. Haja f\u00f4lego!<\/p>\t\t\t\t\t\t<\/div>\n\t\t\t\t<\/div>\n\t\t\t\t\t<\/div>\n\t\t<\/div>\n\t\t\t\t<div class=\"elementor-column elementor-col-25 elementor-top-column elementor-element elementor-element-337be89\" data-id=\"337be89\" data-element_type=\"column\">\n\t\t\t<div class=\"elementor-widget-wrap elementor-element-populated\">\n\t\t\t\t\t\t\t\t<div class=\"elementor-element elementor-element-1dea04c elementor-widget elementor-widget-image\" data-id=\"1dea04c\" data-element_type=\"widget\" data-widget_type=\"image.default\">\n\t\t\t\t<div class=\"elementor-widget-container\">\n\t\t\t\t\t\t\t\t\t\t\t\t\t\t\t\t<a href=\"https:\/\/corpoacorpo.com.br\/fitness\/treino-sob-medida\/posso-fazer-ginastica-quando-estou-gripada\/10608\">\n\t\t\t\t\t\t\t<img loading=\"lazy\" decoding=\"async\" width=\"300\" height=\"200\" src=\"https:\/\/margoweb.com.br\/drjoaoalmeida\/wp-content\/uploads\/2021\/06\/thinkstockphotos-637376066-300x200.jpg\" class=\"attachment-medium size-medium\" alt=\"\" srcset=\"https:\/\/margoweb.com.br\/drjoaoalmeida\/wp-content\/uploads\/2021\/06\/thinkstockphotos-637376066-300x200.jpg 300w, https:\/\/margoweb.com.br\/drjoaoalmeida\/wp-content\/uploads\/2021\/06\/thinkstockphotos-637376066-1024x683.jpg 1024w, https:\/\/margoweb.com.br\/drjoaoalmeida\/wp-content\/uploads\/2021\/06\/thinkstockphotos-637376066-768x512.jpg 768w, https:\/\/margoweb.com.br\/drjoaoalmeida\/wp-content\/uploads\/2021\/06\/thinkstockphotos-637376066-1536x1024.jpg 1536w, https:\/\/margoweb.com.br\/drjoaoalmeida\/wp-content\/uploads\/2021\/06\/thinkstockphotos-637376066-2048x1366.jpg 2048w, https:\/\/margoweb.com.br\/drjoaoalmeida\/wp-content\/uploads\/2021\/06\/thinkstockphotos-637376066-1568x1046.jpg 1568w\" sizes=\"auto, (max-width: 300px) 100vw, 300px\" style=\"width:100%;height:66.7%;max-width:2120px;\" \/>\t\t\t\t\t\t\t\t<\/a>\n\t\t\t\t\t\t\t\t\t\t\t\t\t\t\t<\/div>\n\t\t\t\t<\/div>\n\t\t\t\t<div class=\"elementor-element elementor-element-68c43e5 elementor-widget elementor-widget-heading\" data-id=\"68c43e5\" data-element_type=\"widget\" data-widget_type=\"heading.default\">\n\t\t\t\t<div class=\"elementor-widget-container\">\n\t\t\t<h2 class=\"elementor-heading-title elementor-size-default\"><a href=\"https:\/\/corpoacorpo.com.br\/fitness\/treino-sob-medida\/posso-fazer-ginastica-quando-estou-gripada\/10608\">Posso fazer gin\u00e1stica quando estou gripada?<\/a><\/h2>\t\t<\/div>\n\t\t\t\t<\/div>\n\t\t\t\t<div class=\"elementor-element elementor-element-e0382c7 elementor-widget elementor-widget-text-editor\" data-id=\"e0382c7\" data-element_type=\"widget\" data-widget_type=\"text-editor.default\">\n\t\t\t\t<div class=\"elementor-widget-container\">\n\t\t\t\t\t\t\t\t<p>O ideal \u00e9 suspender a atividade, independentemente de qual voc\u00ea pratique, e retom\u00e1-la quando os\u00a0sintomas(dores no corpo e de cabe\u00e7a, febre, tosse, garganta arranhando) passarem, ainda mais se seu n\u00edvel de condicionamento for baixo.<\/p>\t\t\t\t\t\t<\/div>\n\t\t\t\t<\/div>\n\t\t\t\t\t<\/div>\n\t\t<\/div>\n\t\t\t\t<div class=\"elementor-column elementor-col-25 elementor-top-column elementor-element elementor-element-b5f428a\" data-id=\"b5f428a\" data-element_type=\"column\">\n\t\t\t<div class=\"elementor-widget-wrap\">\n\t\t\t\t\t\t\t\t\t<\/div>\n\t\t<\/div>\n\t\t\t\t\t\t\t<\/div>\n\t\t<\/section>\n\t\t\t\t\t\t<\/div>\n\t\t\t\t\t<\/div>\n\t\t","protected":false},"excerpt":{"rendered":"<p>Imprensa Roberto Justus + recebe Lais Souza e Washington Cerqueira; assista \u00e0 \u00edntegra Acidentes e problemas de sa\u00fade costumam se tornar o maior advers\u00e1rio para um atleta. Alguns s\u00e3o agraciados com a chance de recome\u00e7ar, j\u00e1 outros n\u00e3o tem a mesma sorte. O Roberto Justus +\u00a0recebeu a ex-ginasta Lais Souza e o ex-jogador Washington Cerqueira&hellip; <a class=\"more-link\" href=\"https:\/\/margoweb.com.br\/drjoaoalmeida\/imprensa\/\">Continuar lendo <span class=\"screen-reader-text\">Imprensa<\/span><\/a><\/p>\n","protected":false},"author":1,"featured_media":0,"parent":0,"menu_order":0,"comment_status":"closed","ping_status":"closed","template":"elementor_header_footer","meta":{"footnotes":""},"class_list":["post-27","page","type-page","status-publish","hentry","entry"],"_links":{"self":[{"href":"https:\/\/margoweb.com.br\/drjoaoalmeida\/wp-json\/wp\/v2\/pages\/27","targetHints":{"allow":["GET"]}}],"collection":[{"href":"https:\/\/margoweb.com.br\/drjoaoalmeida\/wp-json\/wp\/v2\/pages"}],"about":[{"href":"https:\/\/margoweb.com.br\/drjoaoalmeida\/wp-json\/wp\/v2\/types\/page"}],"author":[{"embeddable":true,"href":"https:\/\/margoweb.com.br\/drjoaoalmeida\/wp-json\/wp\/v2\/users\/1"}],"replies":[{"embeddable":true,"href":"https:\/\/margoweb.com.br\/drjoaoalmeida\/wp-json\/wp\/v2\/comments?post=27"}],"version-history":[{"count":13,"href":"https:\/\/margoweb.com.br\/drjoaoalmeida\/wp-json\/wp\/v2\/pages\/27\/revisions"}],"predecessor-version":[{"id":279,"href":"https:\/\/margoweb.com.br\/drjoaoalmeida\/wp-json\/wp\/v2\/pages\/27\/revisions\/279"}],"wp:attachment":[{"href":"https:\/\/margoweb.com.br\/drjoaoalmeida\/wp-json\/wp\/v2\/media?parent=27"}],"curies":[{"name":"wp","href":"https:\/\/api.w.org\/{rel}","templated":true}]}}